by 442?
439
What is the remainder when 566833 is divided by 13825?
8
Calculate the remainder when 555908 is divided by 5166.
3146
Calculate the remainder when 672408 is divided by 340.
228
What is the remainder when 35402787 is divided by 5819?
5810
What is the remainder when 3852816 is divided by 428087?
33
Calculate the remainder when 613 is divided by 206.
201
Calculate the remainder when 52258063 is divided by 496.
495
Calculate the remainder when 130980 is divided by 3.
0
What is the remainder when 6643901 is divided by 7?
5
Calculate the remainder when 69864 is divided by 23252.
108
Calculate the remainder when 16812517 is divided by 8406252.
13
What is the remainder when 14498917 is divided by 201?
184
Calculate the remainder when 52568146 is divided by 220.
26
What is the remainder when 4609290 is divided by 489?
465
What is the remainder when 86655 is divided by 1134?
471
Calculate the remainder when 91082 is divided by 1822.
1804
What is the remainder when 4685931 is divided by 58?
53
What is the remainder when 1118943161 is divided by 13158?
13157
Calculate the remainder when 5114846 is divided by 426237.
2
Calculate the remainder when 3019319 is divided by 32.
23
Calculate the remainder when 700534 is divided by 233497.
43
What is the remainder when 16526 is divided by 2008?
462
What is the remainder when 1334505 is divided by 444615?
660
What is the remainder when 254243 is divided by 2517?
26
What is the remainder when 17171677 is divided by 6475?
6452
What is the remainder when 22761 is divided by 2415?
1026
Calculate the remainder when 8420743 is divided by 4210314.
115
What is the remainder when 985823128 is divided by 10?
8
Calculate the remainder when 6366 is divided by 734.
494
What is the remainder when 75552 is divided by 1744?
560
Calculate the remainder when 911640 is divided by 50.
40
Calculate the remainder when 620201 is divided by 246.
35
What is the remainder when 96293152 is divided by 2006107?
16
What is the remainder when 646987513 is divided by 2426?
2425
Calculate the remainder when 405562 is divided by 19312.
10
Calculate the remainder when 12720939 is divided by 4240305.
24
What is the remainder when 425006 is divided by 5059?
50
What is the remainder when 14667 is divided by 7297?
73
What is the remainder when 42005515 is divided by 773?
695
Calculate the remainder when 91193388 is divided by 1219.
1217
What is the remainder when 191416413 is divided by 131?
130
What is the remainder when 1312414 is divided by 262465?
89
What is the remainder when 5181642 is divided by 56941?
11
Calculate the remainder when 1603805 is divided by 106918.
35
What is the remainder when 4650336 is divided by 2935?
1296
What is the remainder when 214650 is divided by 32?
26
Calculate the remainder when 140615 is divided by 2555.
90
What is the remainder when 886091 is divided by 3157?
2131
Calculate the remainder when 27918995 is divided by 1218.
1217
What is the remainder when 3363315 is divided by 4178?
25
Calculate the remainder when 192936 is divided by 6455.
5741
Calculate the remainder when 117958 is divided by 116617.
1341
Calculate the remainder when 3852160 is divided by 27.
16
What is the remainder when 1470518 is divided by 15479?
13
What is the remainder when 743488 is divided by 743483?
5
What is the remainder when 353884 is divided by 70771?
29
Calculate the remainder when 385659 is divided by 6124.
5971
Calculate the remainder when 87031 is divided by 362.
151
What is the remainder when 11866601 is divided by 2202?
23
Calculate the remainder when 1106798 is divided by 249.
242
What is the remainder when 72869 is divided by 1872?
1733
Calculate the remainder when 1957332 is divided by 44.
36
Calculate the remainder when 7585143 is divided by 68.
15
What is the remainder when 248753 is divided by 484?
461
What is the remainder when 8166 is divided by 2678?
132
Calculate the remainder when 98294 is divided by 185.
59
Calculate the remainder when 1396564 is divided by 107425.
39
Calculate the remainder when 36162 is divided by 1168.
1122
Calculate the remainder when 5427572 is divided by 3916.
3912
Calculate the remainder when 142662 is divided by 501.
378
Calculate the remainder when 1658398 is divided by 164.
30
What is the remainder when 16443 is divided by 1533?
1113
Calculate the remainder when 15527 is divided by 25.
2
What is the remainder when 103053 is divided by 50358?
2337
What is the remainder when 92272 is divided by 46065?
142
Calculate the remainder when 24453365 is divided by 2223032.
13
What is the remainder when 8676717 is divided by 2678?
2675
Calculate the remainder when 1954651 is divided by 139615.
41
Calculate the remainder when 20679577 is divided by 5730.
7
What is the remainder when 2816022 is divided by 11000?
22
Calculate the remainder when 75936 is divided by 904.
0
What is the remainder when 1838684 is divided by 306447?
2
What is the remainder when 14083449 is divided by 1758?
111
What is the remainder when 198611 is divided by 1273?
23
Calculate the remainder when 955780 is divided by 105.
70
What is the remainder when 3647610 is divided by 672?
666
What is the remainder when 12315704 is divided by 12923?
85
What is the remainder when 35125 is divided by 10445?
3790
Calculate the remainder when 505862861 is divided by 63.
14
What is the remainder when 6911737 is divided by 445?
442
What is the remainder when 1947313 is divided by 324535?
103
Calculate the remainder when 3708942 is divided by 16336.
670
Calculate the remainder when 2685124 is divided by 894954.
262
What is the remainder when 629871 is divided by 1470?
711
What is the remainder when 1336446 is divided by 7770?
6
Calculate the remainder when 15499269 is divided by 105437.
30
What is the remainder when 347118 is divided by 69382?
208
Calculate the remainder when 6579518 is divided by 1402.
1334
Calculate the remainder when 2206366 is divided by 291.
4
Calculate the remainder when 79556 is divided by 71.
36
What is the remainder when 114954 is divided by 2747?
2327
What is the remainder when 1224357 is divided by 260?
17
What is the remainder when 4214483 is divided by 470?
463
What is the remainder when 559011 is divided by 135?
111
Calculate the remainder when 32078 is divided by 7145.
3498
What is the remainder when 455203 is divided by 538?
55
Calculate the remainder when 40606703 is divided by 30417.
8
What is the remainder when 1870892 is divided by 345?
302
What is the remainder when 200567 is divided by 6908?
235
Calculate the remainder when 3786325 is divided by 315527.
1
Calculate the remainder when 47516 is divided by 59.
21
What is the remainder when 2992 is divided by 990?
22
Calculate the remainder when 6041131 is divided by 1313.
18
Calculate the remainder when 1191743 is divided by 281.
22
Calculate the remainder when 1262863 is divided by 315634.
327
What is the remainder when 2544129 is divided by 271?
252
Calculate the remainder when 17649183 is divided by 17649157.
26
Calculate the remainder when 5572315 is divided by 9724.
463
What is the remainder when 34563208 is divided by 42?
22
Calculate the remainder when 110996 is divided by 4363.
1921
Calculate the remainder when 790456 is divided by 5941.
303
What is the remainder when 40195694 is divided by 719?
718
Calculate the remainder when 331892 is divided by 33188.
12
Calculate the remainder when 95853013 is divided by 11.
3
What is the remainder when 189260764 is divided by 1002?
1000
What is the remainder when 2500190 is divided by 133?
56
Calculate the remainder when 20129306 is divided by 2453.
2441
Calculate the remainder when 397067 is divided by 1813.
20
What is the remainder when 507545 is divided by 507503?
42
Calculate the remainder when 15024253 is divided by 4620.
13
Calculate the remainder when 494400 is divided by 27464.
48
Calculate the remainder when 177830 is divided by 843.
800
What is the remainder when 3935348 is divided by 1967392?
564
What is the remainder when 13454382 is divided by 6957?
6501
What is the remainder when 1368854 is divided by 3402?
1250
What is the remainder when 365606 is divided by 478?
414
Calculate the remainder when 783675459 is divided by 139.
131
Calculate the remainder when 191882 is divided by 2827.
24